git of m?
5
Let p = 6570 - -190. What is the thousands digit of p?
6
Suppose -11*g - 11690 = -18*g. Suppose 5*p - 1650 = -5*l, 14*p - 19*p = -5*l + g. What is the units digit of l?
2
Let t = 20046 - 9615. What is the thousands digit of t?
0
Suppose 0*q = 4*q - 24. Suppose -11*j + q*j = -3080. Suppose 5*i + 3*i - j = 0. What is the tens digit of i?
7
Suppose 1964 = 63*m + 646 - 1076. What is the tens digit of m?
3
Suppose 3324327 = -98*k + 3764289 + 4730714. What is the units digit of k?
2
Let y be ((-4)/(-2) - -7) + (-15)/5. Suppose 3*u - 3*h = 2*h + 25, h = 3*u - 5. Suppose -6*t + y + 60 = u. What is the tens digit of t?
1
Let r be 0/(-1) - (-5 - 229). Let q = r + -216. What is the tens digit of q?
1
Let t(b) = 8*b**2 - b - 833. What is the units digit of t(-39)?
4
Let f be ((-3)/(-3) - 169)/(60/(-80)). Let d = f - 124. What is the tens digit of d?
0
Let q be 8/(-16) - (-13)/2. Let s(a) = 311*a**2 + 2. Let w be s(q). What is the units digit of w/187 + (-4)/(-34)?
0
Suppose 189 = 9*v - 216. Suppose -18 = -3*u + 75. Let z = u + v. What is the tens digit of z?
7
Let p = -20328 - -39787. What is the thousands digit of p?
9
Suppose -41 = k + 30. Let f = -139 - k. What is the hundreds digit of 33/(-2)*f/6*1?
1
Let r(i) = 6*i - 13. Let x be r(-5). Let z = 47 + x. What is the units digit of 3/(4*3) - (-235)/z?
9
Let q = 10355 + 19495. What is the tens digit of q?
5
Let s be ((-18)/(-30) + 1)*10/1. Suppose s*z + 123 = 17*z. What is the units digit of z?
3
Let i = 806 + -800. Suppose m - 4*b = -m + 2018, -i*m + 5*b = -6033. What is the tens digit of m?
0
Let l be 5/((-33)/220 + (-6)/(-15)). What is the tens digit of l/8*(23472/30)/3?
5
Let c(r) be the second derivative of r**5/5 - r**4/4 - 5*r**3/3 + 9*r**2/2 - 16*r. What is the tens digit of c(6)?
0
Let w be 1 - ((-9)/3)/3. Let b(t) = -5*t**2 - 3*t + 2. Let c be b(4). What is the units digit of (-10515)/c + w/12?
7
Suppose -3*l = 2*x + 14, 3*x + 12 = l - 9. Let c(n) be the third derivative of -n**4/6 + 2*n**3 + n**2. What is the units digit of c(x)?
0
Suppose -11*d = -10*d - 22. Let i be (1/(-1))/(d/(-7282)). Suppose 522 = 3*j - 4*v, 0 = 14*j - 16*j - 3*v + i. What is the units digit of j?
0
Suppose -9*y + 3*y + 18 = 0. What is the hundreds digit of y - 3/(36/992)*-3?
2
Let x(k) = k**2 - k - 2*k + 0*k**2 + k + 6. Let r be x(2). Suppose -240 = -r*p + 4*p. What is the tens digit of p?
2
Let g(k) = k**3 + 2*k**2 + 5*k - 23. Let l be 50/15*36/20. What is the tens digit of g(l)?
9
Let d be ((-84)/(-7) - 8) + (1 - 0). Suppose 5*p = d*m - 45, -5*m + 0*p - 3*p = -37. What is the hundreds digit of ((-4788)/56)/((-3)/m)?
2
Suppose -4*t + 4*f = 32, 0*t - 4*f - 45 = 3*t. Let d(g) = 2*g**3 + 14*g**2 - 7*g + 5. Let i be d(t). Let r = -631 - i. What is the units digit of r?
5
Let k(c) = 2*c**2 + 49*c + 12. Let y be k(-23). Let p = 61 + y. Suppose 166 + 222 = p*f. What is the tens digit of f?
9
Let y = 2800 + -62. What is the thousands digit of y?
2
Let b(i) = 3*i**2 - 8*i - 13. Let s be b(-13). Let r = s + -296. What is the hundreds digit of r?
3
Suppose 4*b + 1322 = 6310. Suppose -4*h + b = 4*j + j, 0 = h + 4*j - 320. What is the units digit of h?
8
Let o(c) = 4*c**2 - 59*c - 35. Let d(p) = -12*p**2 + 177*p + 104. Let f(r) = -6*d(r) - 17*o(r). What is the hundreds digit of f(23)?
7
Let x(b) = b**3 - 20*b**2 - 398*b - 169. What is the thousands digit of x(37)?
8
Suppose 2*i - 326 = 816. Suppose -2*s + i = -89. What is the units digit of s?
0
Suppose 5*y + 76 = -5*b + 11361, 0 = -5*y - 3*b + 11285. What is the tens digit of y?
5
Let u(l) be the second derivative of l**4 - 20*l**3/3 - 17*l**2/2 + 81*l. What is the tens digit of u(10)?
8
Let i be 352/14 + (-350)/49 + 7. Suppose -5*y - 1254 = -2*f, -24*f - 621 = -i*f + 4*y. What is the units digit of f?
7
Let l = -5616 - -16129. What is the ten thousands digit of l?
1
Let n = -10 + 21. Let m(u) = 28*u - 55. What is the units digit of m(n)?
3
Suppose -38 - 82 = 4*g. Let w be 8/(-6)*(-99)/(-6). Let p = w - g. What is the units digit of p?
8
Let z(x) = x + 22. Let y be z(-14). Suppose -15*o = y*o - 10971. What is the units digit of o?
7
Let u = 590 - 316. Suppose 8*b = 29*b - 3990. Let t = u - b. What is the units digit of t?
4
Suppose -3*i + 14 = -16. Suppose -8*g = -i*g + 10. Suppose l - 4*r + 716 = g*l, -2*r = -3*l + 552. What is the hundreds digit of l?
1
Suppose -8*n + 12*n - 48 = 0. Let k be 6/14 + (0 - n/(-21)). Let d(t) = 115*t**2 + 4*t - 3. What is the tens digit of d(k)?
1
Let u be (-2)/(-13) - ((-1738)/26 + -5). What is the units digit of (1154/(-8))/((-582)/u - -8)?
1
Let g = 84 + -78. Suppose 0 = 2*u + g, 0 = -2*y - u - 0*u + 45. Suppose y = a - 15. What is the tens digit of a?
3
Suppose 4*l + 2 = 6, -3*t + 4*l + 206 = 0. Let j(m) = -671*m. Let b be j(-1). Suppose 4*h + 135 = x - t, b = 3*x + 2*h. What is the hundreds digit of x?
2
Suppose 0 = -661*g + 673*g - 23448. What is the tens digit of g?
5
Let t = 3203 - 139. What is the hundreds digit of t?
0
Let h be 5/(0 - (-20)/24). Suppose -h*c + 14*c - 768 = 0. Suppose 2*s - 5*k - c = -10*k, -33 = -s + 5*k. What is the units digit of s?
3
Suppose 4*y - 3*f = 7496, 2*y = -87*f + 92*f + 3762. What is the units digit of y?
1
Let h = 194 + -194. Suppose 6*t - 2197 - 653 = h. What is the units digit of t?
5
Let m = 6195 - -14314. What is the hundreds digit of m?
5
Let l(b) = -17*b - 172. Let o be l(-11). Suppose -o*x + 20265 = 4800. What is the units digit of x?
1
Let p(u) = -5*u - 7 - 11*u - 6 - 1. What is the units digit of p(-1)?
2
Suppose 0 = 2*y - 5*h - 23406, -138*y + 4*h = -140*y + 23424. What is the units digit of y?
8
Suppose -6613*b + 39358 = -6591*b. What is the tens digit of b?
8
Let b = -596 - -1456. What is the tens digit of b?
6
Let q(u) = -u**2 + 10*u - 17. Let d be q(8). Let t(s) = -448*s**3 - 3*s**2 + 2. What is the hundreds digit of t(d)?
4
Let p(h) = h**3 - 19*h**2 + 4*h + 25. Let m = 44 - 35. Suppose -m - 181 = -10*f. What is the hundreds digit of p(f)?
1
Suppose w = -3*d - w + 173, 2*w + 212 = 4*d. Let f = d + -50. Suppose 5*x - 5*q = -3*q + 593, 4*x + f*q - 481 = 0. What is the tens digit of x?
1
Let k(n) = -5*n - 10*n**2 + 2 + 144*n**2 - 3 + 2*n. What is the units digit of k(-1)?
6
Let d = 2385 - 1561. Suppose 19*y - 17*y - d = 0. What is the hundreds digit of y?
4
Suppose 4*l + 16 = -3*m, 0*m - 3*l - 12 = m. Suppose 4*p - 1455 - 753 = m. What is the units digit of p?
2
Let v be (-1 + 10)/(-3) + -3. Let a(n) = -n**3 + 11*n**2 - 23*n - 14. Let q be a(8). What is the tens digit of q/(-4)*(-44)/v?
1
Let q = 1 - -7. Suppose q*r + 102 + 122 = 0. Let i = r + 109. What is the tens digit of i?
8
Suppose -59*v - 15177 = -r - 63*v, 0 = v + 2. What is the hundreds digit of r?
1
Let d(y) = -4*y**2 + 14*y + 31. Let k be d(8). What is the units digit of (-4 + 2)*k/1*1?
6
Suppose 26 = -11*k - 29. Let t be (-8835)/(-25) + ((-8)/k)/(-4). Suppose -p = 2*p + v - t, -3*p + 4*v + 328 = 0. What is the hundreds digit of p?
1
Let n(d) = -d**3 - 4*d**2 + 6*d + 5. Let i be n(-5). Let z be i - -1*(3 + 2). Suppose -k + z - 4 = 0. What is the units digit of k?
1
Let k be (2 + -52)*(-4)/(-10). Let d be k*3/((-15)/4). Suppose -d*x = -11*x - 85. What is the units digit of x?
7
Suppose y = -4*a - 106, 4*a - 245 - 73 = 3*y. Let x = 140 - y. What is the units digit of x?
6
Suppose 3*c - 8 - 5 = -a, 5*a - 4*c = 46. Let x(o) = 6*o - 53. What is the units digit of x(a)?
7
Let d = 210 - 206. Suppose g - 4 = 0, -3*c + 2458 = -0*g + d*g. What is the tens digit of c?
1
Suppose -l + 0 = 3*h - 9, 3*h - 3*l = -3. Suppose 4*b = 12, -96 = -h*z - 4*b + 1092. What is the hundreds digit of z?
5
Let u = 40 + -38. Suppose -u*t - l + 25 = 0, -10 = 5*t - 4*t - 4*l. What is the tens digit of 4/t + (-2)/(20/(-1146))?
1
Let w(l) = l**2 - 2. Let p(t) = -t**2 - 6*t. Let q be p(-3). Let c be w(q). Let y = c - 33. What is the units digit of y?
6
Suppose -n - 3 = -3*d + 2*n, -3 = -2*d + 3*n. Let o = d - -4. Let k = 87 + o. What is the tens digit of k?
9
Let p(d) = -d**2 - 8*d - 11. Let u be p(-4). Suppose 168 = u*w - 152. Suppose j + w = 2*z, -2*j - 63 - 96 = -5*z. What is the units digit of z?
1
Let t be (25 - 25)/(1*(-2 - 0)). Suppose -4*n = -h + 42, 0 = -h + n - t + 48. Let q = h + -47. What is the units digit of q?
3
Suppose -u + 2*a + 2 = 5, -2*